. Let s(p) = -5*l(p) + m(p). Suppose 38 = 20*n + 18. Give s(n).
8
Let i(n) be the third derivative of n**5/60 - 19*n**4/24 - 4*n**3/3 - 15*n**2 + 6*n + 1. Give i(22).
58
Let x(v) = 2*v - 18. Let i(k) = k + 6. Let z be i(-5). Suppose z = -d - 5*l, 32*l = 33*l + 2. Give x(d).
0
Let z(b) = b + 3. Let g = 136 + -143. Let t(n) = n**2 + 4*n - 17. Let o be t(g). Determine z(o).
7
Suppose -2*g = -5*g - 5*x + 20, 4*x = -3*g + 16. Suppose -73*z = -31*z - 126. Suppose g*n - n = -z. Let f(j) = j**3 - 2*j**2 - j - 2. Calculate f(n).
4
Let a(k) = -k**2 - 5*k + 3. Let m be (120 - -1)/((-11)/33). Let l = m + 359. Give a(l).
7
Let n(z) = z**3 + 3*z**2 - 2*z + 1. Suppose -b + 5 + 2 = 0. Let x(w) = w**3 - 8*w**2 + 6*w + 11. Let f be x(b). Suppose f*c = -19 + 7. Calculate n(c).
7
Let z(b) = -b**2 - 30*b - 17. Suppose -100 = 7*r - 60 + 163. What is z(r)?
12
Let u(g) = 3 - 8*g**2 + 38 - 13*g - 10*g**2 + 16*g**2 - 19*g. Calculate u(-17).
7
Suppose -6 = v, 385*u - 382*u + 5*v + 45 = 0. Let z(y) = 2*y**2 + 9*y - 15. Determine z(u).
-10
Let o = -660 + 664. Let i be (15 - o) + 1 + 2 + -10. Let d(f) = -7*f - 7. Let b(k) = -3*k - 3. Let u(z) = -5*b(z) + 2*d(z). Give u(i).
5
Suppose -13*d - 10*d - 87 = 6*d. Let r(c) = -2*c + 2. Calculate r(d).
8
Suppose 19*g - 82*g = 0. Let m(f) = -27*f + 7. Calculate m(g).
7
Let u(y) = -y**2 + 10*y - 5. Suppose 0 = -c - 5*l + 92, -4*c + l - 5*l = -336. Suppose 18 = -4*f - 274. Let w = f + c. Calculate u(w).
4
Suppose -180 = -16*i + 60. Suppose -20*y + i*y = 10. Let g(r) = 2*r**2 - r - 3. Calculate g(y).
7
Let j(t) = 7*t**2 - 5*t + 2. Let d(k) = 2*k**2 - k - 1. Let m be 2/(-19) - 1430/494. Let z(u) = m*d(u) + j(u). Give z(0).
5
Suppose -18*m = -3*m - 150. Let o(j) = -j**3 + 9*j**2 + 8*j - 5. Determine o(m).
-25
Let r(l) = -l**3 + 32*l**2 + 75*l + 17. Let j be r(-2). Let b(x) = -x**3 - 2*x - 5. Determine b(j).
-38
Suppose 3*n - 42 = -5*l, 127*l - 75 = 117*l - 5*n. Let k(m) = -2*m + 13. Calculate k(l).
7
Suppose 0 = -4*s + s - 87. Let p be s/4 + (-2)/(-8). Let w(c) = 1 - 457*c + 926*c + c**3 - 460*c + 8*c**2. Determine w(p).
-13
Let t(o) be the first derivative of -o**3/6 + o**2/2 + 81*o - 185. Let d(i) be the first derivative of t(i). Calculate d(6).
-5
Let b(z) = z**3 + 9*z**2 + 6*z - 8. Let l be (1 - -1 - 0)*57/6. Let a = l - 15. Suppose 2*q + 0*q = a*y - 4, 4*y = -12. What is b(q)?
8
Suppose -9*b = -6*b + 2*v - 155, 3*b - 139 = 2*v. Let f(t) = -27*t + b*t + 9*t**2 - 23*t. Suppose h - 2 = 4*u - 5, 1 = 4*h - 3*u. Give f(h).
8
Let z(m) = -6*m + 12. Let c(r) = -5*r + 12. Let a(s) = s + 1. Let p be a(3). Let t(o) = p*z(o) - 5*c(o). Let g = -190 + 198. What is t(g)?
-4
Let i(l) = l**2 + 10*l - 12. Suppose 18*z = 17*z. Let o be (z - -1)/((-17)/(-119)). Let t = o - 18. Determine i(t).
-1
Suppose -282 = -11*h - 348. Let k(c) be the second derivative of -1/12*c**4 - 7/2*c**2 + c - 4/3*c**3 + 0. Determine k(h).
5
Let w(p) = -p**2 + 32*p - 64. Let i be (-8)/2 - (-9 + 25/(-1)). Give w(i).
-4
Let p = 8371 - 8372. Let b(n) = 9*n**3 + 7*n**2 + 7*n - 10. Let r(o) = 6*o**3 + 5*o**2 + 5*o - 7. Let i = 14 + -21. Let y(h) = i*r(h) + 5*b(h). Calculate y(p).
-4
Let c(k) = -6*k**2 + 22*k - 41. Let b(z) = 4*z**2 - 15*z + 25. Let v(y) = -8*b(y) - 5*c(y). Determine v(6).
-7
Let m(y) = y**3 - 15*y**2 + y - 12. Suppose 3*t = 0, h = -4*h - t + 75. Let x be m(h). Suppose -2*b = b + x. Let w(v) = 2*v - 1. What is w(b)?
-3
Let l(x) = x**2 + 9*x + 5. Let u(i) = -i**3 + 8*i**2 + 5*i - 8. Let v be u(9). Let f = -38 - v. Suppose 1 = j + f. Determine l(j).
-15
Let x(w) = 6*w**3 - w**2 - 2*w - 1. Suppose -t + 2 = 4. Let s be (39/52)/(t/(-16)). Suppose 4*o = 12, -g + 2*o = s*o - 11. Give x(g).
-6
Suppose s = c + 64, s - 2*c = 6*s - 306. Suppose s = 5*u + 2. Suppose -11*r = -9*r - u. Let k(b) = -b**2 + 7*b - 8. Give k(r).
-2
Let u(v) be the first derivative of -2*v**2 - 10*v + 275. Let p(o) = -5*o - 10. Let c(y) = -3*p(y) + 4*u(y). What is c(-5)?
-5
Suppose 41*q - 44 + 146 = -10*q. Let o(u) = 4*u**2 + 7*u - 6. Calculate o(q).
-4
Suppose -2*x = 262*r - 266*r + 18, -3*r + 3 = -5*x. Let u(m) be the first derivative of m**3/3 - 3*m**2 - 4*m - 4. What is u(r)?
-4
Let n(r) be the first derivative of -2/3*r**3 + 2 + 3*r - 5/2*r**2. Suppose 3*v - 28*s = -30*s - 10, 5*v - 2*s + 22 = 0. Determine n(v).
-9
Let g(w) = w**2 + 16*w + 8. Let s(m) = m**2 - 16*m + 35. Let c be s(4). Give g(c).
-31
Let f(y) = 14*y**3 + 3*y**2 - 3*y - 1. Suppose 3*a - 3*w + 15 = 0, -3*w = 2*a + 8 - 18. Let s(n) = -n**3 - n**2 + n + 1. Let r(o) = a*f(o) - 2*s(o). Give r(1).
-13
Let k(h) = -h**3 - 6*h**2 + 9*h - 2. Let g = -126 - -129. Suppose 8*w = -53 - g. Give k(w).
-16
Let s(a) = -7*a**3 + a**2 - 2*a + 1. Let r(x) = x**2 + 21*x - 46. Let p be r(-23). Suppose p = 3*g + 3*f, -4*g + 8 = -3*f + 1. What is s(g)?
-7
Suppose 4*b + 12 = 3*o - b, 0 = 2*o + b - 8. Suppose o*n = 5*q - 0*n - 20, 3*n = -4*q - 15. Let c(k) = k**2 + k - 21. Give c(q).
-21
Let l(t) = 664*t + 1332. Let a be l(-2). Let i(x) = 20*x + 3. Determine i(a).
83
Let h = -494 - -497. Let g(a) = h*a**2 - 19 - 1 + 8*a - 11*a**2 + a**3 + 26. Calculate g(7).
13
Let c(k) = k**3 - 4*k**2 + k. Suppose -437 + 239 = -g. Let m = 201 - g. Give c(m).
-6
Suppose 3*p - 8 = 7. Let g(s) be the third derivative of -s**4/24 - 2*s**3/3 + 1525*s**2. Determine g(p).
-9
Let w(f) be the first derivative of f**4/4 + f**3 + f**2/2 + 4*f + 102. Determine w(-3).
1
Let p(x) = -292*x + 3203. Let r be p(11). Let i(d) = 3*d + 19. Give i(r).
-8
Let t(q) = -q**3 - 17*q**2 - 5. Suppose -14*g - 14*g - 527 = 3*g. Determine t(g).
-5
Let l = 27 - 17. Let t = 35 + l. Suppose 34*k - 25*k = t. Let q(w) = w**3 - 4*w**2 - 3*w - 1. Calculate q(k).
9
Let z = 880 + -806. Let f be (-555)/z + (-2)/(-4). Let t(a) = a**3 + 6*a**2 - 8*a - 10. Determine t(f).
-3
Let s(o) = -2*o**2 + 253*o + 3623. Let g be s(-13). Let l(t) = 9*t - t**2 - 4*t + t**2 + t**2. Determine l(g).
-4
Let j(y) = -27*y - 100 - 32 - 70 + 16. Calculate j(-7).
3
Let n(s) = -s**3 + s**2 + 31*s - 7. Let t = 9864 + -9858. What is n(t)?
-1
Let v(r) = r**3 - 28*r**2 + 14*r + 16. Let b(z) = -3*z**2 + z. Let g(o) = -11*b(o) + v(o). Determine g(-5).
1
Let d(v) be the third derivative of 0*v + 7/24*v**4 + 1 - 70*v**2 - 1/6*v**3. Suppose 0 = -2*r + w + 1, 4*r + 14 = 2*r + 4*w. Determine d(r).
20
Suppose -z = -54 - 41. Let j = 98 - z. Suppose -4*m + 0*s - 33 = -j*s, -5*m - 2*s = 24. Let p(y) = y - 1. What is p(m)?
-7
Let q(h) = -h**2 - 18*h - 24. Let f(r) = r**2 + 79 + 2*r**2 - 15 + 9 + 53*r + 0*r**2. Let x(j) = -4*f(j) - 11*q(j). Determine x(-12).
-4
Let j(u) = -172*u + 4431. Let h be j(26). Let z(r) = -5*r**2 - 204*r + 39. Determine z(h).
-2
Suppose -4*q - 2*n + 10 = 0, n + 4 = -3*q + 11. Suppose 12 - q = a. Let k(z) = -19*z + a*z + 1 + 0 + z**2. Determine k(8).
-7
Let f(z) = -4*z**2 + 141*z + 291. Let g be f(-2). Let n(y) = y**3 + 4*y**2 - 17*y + 5. What is n(g)?
-23
Suppose 2*h = 3*h + 3*k + 13, 0 = 3*h - 3*k + 27. Let b be h/8 - 272/(-64). Let q(d) = d + 5. Calculate q(b).
8
Let x(f) = -f - 50. Suppose -11907*z = -11937*z + 900. Determine x(z).
-80
Let c(i) = i**3 - 15*i**2 - 17*i + 8. Let x = 14515 - 14499. What is c(x)?
-8
Let x(j) = -6 + 12*j + 18354*j**2 - 4*j - 18355*j**2. What is x(6)?
6
Let i be (-2)/10 - 55/(-25). Let r(n) = -n**3 + 3532*n**2 - 4*n + 3 - 1757*n**2 - 1773*n**2. What is r(i)?
-5
Let m(x) be the third derivative of -30 - 2*x**2 + 2/3*x**3 + 0*x + 5/12*x**4. Let n be (-1)/(-2 - 7/(-3)). What is m(n)?
-26
Let t(k) = -k**2 + 4*k + 47. Let j be t(-5). Suppose 0 = -j*g + 41 - 21. Let h(q) = q**3 - 9*q**2 - 10*q + 2. Give h(g).
2
Let m(s) = -s**3 - 5*s**2 + 3*s - 76. Let u(v) = -2*v**3 + 2*v - 77. Let q(o) = 3*m(o) - 2*u(o). Determine q(15).
1
Let f(r) = -3*r**2 - 4*r - 3. Let x(j) = 2*j**2 - 7*j + 8. Let w be x(3). Let c = 103 + -91. Suppose w*u + c = -b, -4*b = -2*u - 2*u. Determine f(u).
-7
Let v(h) = -2*h**2 - 7*h - 21. Suppose 4*y = 0, -t + 66*y - 31*y - 6 = 32*y. Calculate v(t).
-51
Let w(c) be the second derivative of 2*c**3/3 + 20*c**2 - 2613*c. Give w(-9).
4
Let u(x) = x**3 + 7*x**2 + 6*x - 3. Suppose -12*n + 3612 = -0*n. Let w = n + -307. What is u(w)?
-3
Let o(l) = l**3 + 8*l**2 - 8*l + 7. Let b(u) = 3*u**3 - 18*u**2 + 52*u - 320. Let f be b(6). What is o(f)?
71
Let l = 0 + 4. Let p(k) = k**2 + 4*k - 4*k**2 - 7